{"id":3547,"date":"2021-01-31T14:45:16","date_gmt":"2021-01-31T14:45:16","guid":{"rendered":"http:\/\/darrenc11.sg-host.com\/?post_type=hb_accommodation&#038;p=3547"},"modified":"2021-03-13T18:27:47","modified_gmt":"2021-03-13T18:27:47","slug":"leglantine","status":"publish","type":"hb_accommodation","link":"https:\/\/www.lacolombiereduchateau.com\/fr\/hb_accommodation\/leglantine\/","title":{"rendered":"Le G\u00eete \u00ab\u00a0\u00c9glantine\u00a0\u00bb"},"content":{"rendered":"<p>\t\t<meta http-equiv=\"refresh\" content=\"0; url=\/leglantine\/\">\n\t\t\t\tPlease wait while you are redirected...or <a href=\"\/leglantine\/\">Click Here<\/a> if you do not want to wait.\n\t\t\t\t<br \/>\n<!-- Lorem ipsum dolor sit amet, consectetur adipiscing elit. Praesent ac ante metus. Pellentesque habitant morbi tristique senectus et netus et malesuada fames ac turpis egestas. Nunc quis suscipit urna. Morbi eget lacinia enim. Curabitur eu ex euismod, pharetra tellus at, cursus purus. In efficitur lobortis est luctus laoreet. Sed ut ultricies purus. Curabitur ullamcorper tincidunt purus. Sed orci ipsum, suscipit id nisi quis, gravida interdum risus. Morbi luctus mauris ut nunc accumsan, sed imperdiet est finibus. Booking form - [hb_booking_form accom_id=2279] Accommodation list - [hb_accommodation_list accom_ids=2279] Availability calendar - [hb_availability accom_id=2279] Rates table - [hb_rates accom_id=2279]--><\/p>\n","protected":false},"featured_media":1422,"template":"","class_list":["post-3547","hb_accommodation","type-hb_accommodation","status-publish","has-post-thumbnail","hentry"],"yoast_head":"<!-- This site is optimized with the Yoast SEO plugin v27.4 - https:\/\/yoast.com\/product\/yoast-seo-wordpress\/ -->\n<title>Le G\u00eete &quot;\u00c9glantine&quot; - La Colombi\u00e8re du Ch\u00e2teau<\/title>\n<meta name=\"description\" content=\"Cet g\u00eete ind\u00e9pendant pour 5 est mitoyen \u00e0 nos chambres d&#039;h\u00f4tes au coeur de la Provence \u00e0 quelques minutes du Lac St Croix et des c\u00e9l\u00e8bres Gorges du Verdon\" \/>\n<meta name=\"robots\" content=\"index, follow, max-snippet:-1, max-image-preview:large, max-video-preview:-1\" \/>\n<link rel=\"canonical\" href=\"https:\/\/www.lacolombiereduchateau.com\/fr\/hb_accommodation\/leglantine\/\" \/>\n<meta property=\"og:locale\" content=\"fr_FR\" \/>\n<meta property=\"og:type\" content=\"article\" \/>\n<meta property=\"og:title\" content=\"Le G\u00eete &quot;\u00c9glantine&quot; - La Colombi\u00e8re du Ch\u00e2teau\" \/>\n<meta property=\"og:description\" content=\"Cet g\u00eete ind\u00e9pendant pour 5 est mitoyen \u00e0 nos chambres d&#039;h\u00f4tes au coeur de la Provence \u00e0 quelques minutes du Lac St Croix et des c\u00e9l\u00e8bres Gorges du Verdon\" \/>\n<meta property=\"og:url\" content=\"https:\/\/www.lacolombiereduchateau.com\/fr\/hb_accommodation\/leglantine\/\" \/>\n<meta property=\"og:site_name\" content=\"La Colombi\u00e8re du Ch\u00e2teau\" \/>\n<meta property=\"article:publisher\" content=\"https:\/\/www.facebook.com\/Lacolombiereduchateau\" \/>\n<meta property=\"article:modified_time\" content=\"2021-03-13T18:27:47+00:00\" \/>\n<meta property=\"og:image\" content=\"https:\/\/www.lacolombiereduchateau.com\/wp-content\/uploads\/2020\/07\/IMG_7098.jpeg\" \/>\n\t<meta property=\"og:image:width\" content=\"1600\" \/>\n\t<meta property=\"og:image:height\" content=\"900\" \/>\n\t<meta property=\"og:image:type\" content=\"image\/jpeg\" \/>\n<meta name=\"twitter:card\" content=\"summary_large_image\" \/>\n<script type=\"application\/ld+json\" class=\"yoast-schema-graph\">{\"@context\":\"https:\\\/\\\/schema.org\",\"@graph\":[{\"@type\":\"WebPage\",\"@id\":\"https:\\\/\\\/www.lacolombiereduchateau.com\\\/fr\\\/hb_accommodation\\\/leglantine\\\/\",\"url\":\"https:\\\/\\\/www.lacolombiereduchateau.com\\\/fr\\\/hb_accommodation\\\/leglantine\\\/\",\"name\":\"Le G\u00eete \\\"\u00c9glantine\\\" - La Colombi\u00e8re du Ch\u00e2teau\",\"isPartOf\":{\"@id\":\"https:\\\/\\\/www.lacolombiereduchateau.com\\\/#website\"},\"primaryImageOfPage\":{\"@id\":\"https:\\\/\\\/www.lacolombiereduchateau.com\\\/fr\\\/hb_accommodation\\\/leglantine\\\/#primaryimage\"},\"image\":{\"@id\":\"https:\\\/\\\/www.lacolombiereduchateau.com\\\/fr\\\/hb_accommodation\\\/leglantine\\\/#primaryimage\"},\"thumbnailUrl\":\"https:\\\/\\\/www.lacolombiereduchateau.com\\\/wp-content\\\/uploads\\\/2020\\\/07\\\/IMG_7098.jpeg\",\"datePublished\":\"2021-01-31T14:45:16+00:00\",\"dateModified\":\"2021-03-13T18:27:47+00:00\",\"description\":\"Cet g\u00eete ind\u00e9pendant pour 5 est mitoyen \u00e0 nos chambres d'h\u00f4tes au coeur de la Provence \u00e0 quelques minutes du Lac St Croix et des c\u00e9l\u00e8bres Gorges du Verdon\",\"breadcrumb\":{\"@id\":\"https:\\\/\\\/www.lacolombiereduchateau.com\\\/fr\\\/hb_accommodation\\\/leglantine\\\/#breadcrumb\"},\"inLanguage\":\"fr-FR\",\"potentialAction\":[{\"@type\":\"ReadAction\",\"target\":[\"https:\\\/\\\/www.lacolombiereduchateau.com\\\/fr\\\/hb_accommodation\\\/leglantine\\\/\"]}]},{\"@type\":\"ImageObject\",\"inLanguage\":\"fr-FR\",\"@id\":\"https:\\\/\\\/www.lacolombiereduchateau.com\\\/fr\\\/hb_accommodation\\\/leglantine\\\/#primaryimage\",\"url\":\"https:\\\/\\\/www.lacolombiereduchateau.com\\\/wp-content\\\/uploads\\\/2020\\\/07\\\/IMG_7098.jpeg\",\"contentUrl\":\"https:\\\/\\\/www.lacolombiereduchateau.com\\\/wp-content\\\/uploads\\\/2020\\\/07\\\/IMG_7098.jpeg\",\"width\":1600,\"height\":900,\"caption\":\"Le g\u00eete \\\"\u00c9glantine\\\"\"},{\"@type\":\"BreadcrumbList\",\"@id\":\"https:\\\/\\\/www.lacolombiereduchateau.com\\\/fr\\\/hb_accommodation\\\/leglantine\\\/#breadcrumb\",\"itemListElement\":[{\"@type\":\"ListItem\",\"position\":1,\"name\":\"Home\",\"item\":\"https:\\\/\\\/www.lacolombiereduchateau.com\\\/fr\\\/\"},{\"@type\":\"ListItem\",\"position\":2,\"name\":\"Accommodation\",\"item\":\"https:\\\/\\\/www.lacolombiereduchateau.com\\\/hb_accommodation\\\/\"},{\"@type\":\"ListItem\",\"position\":3,\"name\":\"Le G\u00eete &#8220;\u00c9glantine&#8221;\"}]},{\"@type\":\"WebSite\",\"@id\":\"https:\\\/\\\/www.lacolombiereduchateau.com\\\/#website\",\"url\":\"https:\\\/\\\/www.lacolombiereduchateau.com\\\/\",\"name\":\"lacolombiereduchateau.com\",\"description\":\"La Colombi\u00e8re du Ch\u00e2teau\",\"publisher\":{\"@id\":\"https:\\\/\\\/www.lacolombiereduchateau.com\\\/#organization\"},\"potentialAction\":[{\"@type\":\"SearchAction\",\"target\":{\"@type\":\"EntryPoint\",\"urlTemplate\":\"https:\\\/\\\/www.lacolombiereduchateau.com\\\/?s={search_term_string}\"},\"query-input\":{\"@type\":\"PropertyValueSpecification\",\"valueRequired\":true,\"valueName\":\"search_term_string\"}}],\"inLanguage\":\"fr-FR\"},{\"@type\":\"Organization\",\"@id\":\"https:\\\/\\\/www.lacolombiereduchateau.com\\\/#organization\",\"name\":\"La Colombi\u00e8re du Chateau\",\"url\":\"https:\\\/\\\/www.lacolombiereduchateau.com\\\/\",\"logo\":{\"@type\":\"ImageObject\",\"inLanguage\":\"fr-FR\",\"@id\":\"https:\\\/\\\/www.lacolombiereduchateau.com\\\/#\\\/schema\\\/logo\\\/image\\\/\",\"url\":\"https:\\\/\\\/www.lacolombiereduchateau.com\\\/wp-content\\\/uploads\\\/2021\\\/01\\\/Original.png\",\"contentUrl\":\"https:\\\/\\\/www.lacolombiereduchateau.com\\\/wp-content\\\/uploads\\\/2021\\\/01\\\/Original.png\",\"width\":7500,\"height\":7500,\"caption\":\"La Colombi\u00e8re du Chateau\"},\"image\":{\"@id\":\"https:\\\/\\\/www.lacolombiereduchateau.com\\\/#\\\/schema\\\/logo\\\/image\\\/\"},\"sameAs\":[\"https:\\\/\\\/www.facebook.com\\\/Lacolombiereduchateau\",\"https:\\\/\\\/www.instagram.com\\\/lacolombiereduchateau\\\/\"]}]}<\/script>\n<!-- \/ Yoast SEO plugin. -->","yoast_head_json":{"title":"Le G\u00eete \"\u00c9glantine\" - La Colombi\u00e8re du Ch\u00e2teau","description":"Cet g\u00eete ind\u00e9pendant pour 5 est mitoyen \u00e0 nos chambres d'h\u00f4tes au coeur de la Provence \u00e0 quelques minutes du Lac St Croix et des c\u00e9l\u00e8bres Gorges du Verdon","robots":{"index":"index","follow":"follow","max-snippet":"max-snippet:-1","max-image-preview":"max-image-preview:large","max-video-preview":"max-video-preview:-1"},"canonical":"https:\/\/www.lacolombiereduchateau.com\/fr\/hb_accommodation\/leglantine\/","og_locale":"fr_FR","og_type":"article","og_title":"Le G\u00eete \"\u00c9glantine\" - La Colombi\u00e8re du Ch\u00e2teau","og_description":"Cet g\u00eete ind\u00e9pendant pour 5 est mitoyen \u00e0 nos chambres d'h\u00f4tes au coeur de la Provence \u00e0 quelques minutes du Lac St Croix et des c\u00e9l\u00e8bres Gorges du Verdon","og_url":"https:\/\/www.lacolombiereduchateau.com\/fr\/hb_accommodation\/leglantine\/","og_site_name":"La Colombi\u00e8re du Ch\u00e2teau","article_publisher":"https:\/\/www.facebook.com\/Lacolombiereduchateau","article_modified_time":"2021-03-13T18:27:47+00:00","og_image":[{"width":1600,"height":900,"url":"https:\/\/www.lacolombiereduchateau.com\/wp-content\/uploads\/2020\/07\/IMG_7098.jpeg","type":"image\/jpeg"}],"twitter_card":"summary_large_image","schema":{"@context":"https:\/\/schema.org","@graph":[{"@type":"WebPage","@id":"https:\/\/www.lacolombiereduchateau.com\/fr\/hb_accommodation\/leglantine\/","url":"https:\/\/www.lacolombiereduchateau.com\/fr\/hb_accommodation\/leglantine\/","name":"Le G\u00eete \"\u00c9glantine\" - La Colombi\u00e8re du Ch\u00e2teau","isPartOf":{"@id":"https:\/\/www.lacolombiereduchateau.com\/#website"},"primaryImageOfPage":{"@id":"https:\/\/www.lacolombiereduchateau.com\/fr\/hb_accommodation\/leglantine\/#primaryimage"},"image":{"@id":"https:\/\/www.lacolombiereduchateau.com\/fr\/hb_accommodation\/leglantine\/#primaryimage"},"thumbnailUrl":"https:\/\/www.lacolombiereduchateau.com\/wp-content\/uploads\/2020\/07\/IMG_7098.jpeg","datePublished":"2021-01-31T14:45:16+00:00","dateModified":"2021-03-13T18:27:47+00:00","description":"Cet g\u00eete ind\u00e9pendant pour 5 est mitoyen \u00e0 nos chambres d'h\u00f4tes au coeur de la Provence \u00e0 quelques minutes du Lac St Croix et des c\u00e9l\u00e8bres Gorges du Verdon","breadcrumb":{"@id":"https:\/\/www.lacolombiereduchateau.com\/fr\/hb_accommodation\/leglantine\/#breadcrumb"},"inLanguage":"fr-FR","potentialAction":[{"@type":"ReadAction","target":["https:\/\/www.lacolombiereduchateau.com\/fr\/hb_accommodation\/leglantine\/"]}]},{"@type":"ImageObject","inLanguage":"fr-FR","@id":"https:\/\/www.lacolombiereduchateau.com\/fr\/hb_accommodation\/leglantine\/#primaryimage","url":"https:\/\/www.lacolombiereduchateau.com\/wp-content\/uploads\/2020\/07\/IMG_7098.jpeg","contentUrl":"https:\/\/www.lacolombiereduchateau.com\/wp-content\/uploads\/2020\/07\/IMG_7098.jpeg","width":1600,"height":900,"caption":"Le g\u00eete \"\u00c9glantine\""},{"@type":"BreadcrumbList","@id":"https:\/\/www.lacolombiereduchateau.com\/fr\/hb_accommodation\/leglantine\/#breadcrumb","itemListElement":[{"@type":"ListItem","position":1,"name":"Home","item":"https:\/\/www.lacolombiereduchateau.com\/fr\/"},{"@type":"ListItem","position":2,"name":"Accommodation","item":"https:\/\/www.lacolombiereduchateau.com\/hb_accommodation\/"},{"@type":"ListItem","position":3,"name":"Le G\u00eete &#8220;\u00c9glantine&#8221;"}]},{"@type":"WebSite","@id":"https:\/\/www.lacolombiereduchateau.com\/#website","url":"https:\/\/www.lacolombiereduchateau.com\/","name":"lacolombiereduchateau.com","description":"La Colombi\u00e8re du Ch\u00e2teau","publisher":{"@id":"https:\/\/www.lacolombiereduchateau.com\/#organization"},"potentialAction":[{"@type":"SearchAction","target":{"@type":"EntryPoint","urlTemplate":"https:\/\/www.lacolombiereduchateau.com\/?s={search_term_string}"},"query-input":{"@type":"PropertyValueSpecification","valueRequired":true,"valueName":"search_term_string"}}],"inLanguage":"fr-FR"},{"@type":"Organization","@id":"https:\/\/www.lacolombiereduchateau.com\/#organization","name":"La Colombi\u00e8re du Chateau","url":"https:\/\/www.lacolombiereduchateau.com\/","logo":{"@type":"ImageObject","inLanguage":"fr-FR","@id":"https:\/\/www.lacolombiereduchateau.com\/#\/schema\/logo\/image\/","url":"https:\/\/www.lacolombiereduchateau.com\/wp-content\/uploads\/2021\/01\/Original.png","contentUrl":"https:\/\/www.lacolombiereduchateau.com\/wp-content\/uploads\/2021\/01\/Original.png","width":7500,"height":7500,"caption":"La Colombi\u00e8re du Chateau"},"image":{"@id":"https:\/\/www.lacolombiereduchateau.com\/#\/schema\/logo\/image\/"},"sameAs":["https:\/\/www.facebook.com\/Lacolombiereduchateau","https:\/\/www.instagram.com\/lacolombiereduchateau\/"]}]}},"_links":{"self":[{"href":"https:\/\/www.lacolombiereduchateau.com\/fr\/wp-json\/wp\/v2\/hb_accommodation\/3547","targetHints":{"allow":["GET"]}}],"collection":[{"href":"https:\/\/www.lacolombiereduchateau.com\/fr\/wp-json\/wp\/v2\/hb_accommodation"}],"about":[{"href":"https:\/\/www.lacolombiereduchateau.com\/fr\/wp-json\/wp\/v2\/types\/hb_accommodation"}],"version-history":[{"count":3,"href":"https:\/\/www.lacolombiereduchateau.com\/fr\/wp-json\/wp\/v2\/hb_accommodation\/3547\/revisions"}],"predecessor-version":[{"id":3549,"href":"https:\/\/www.lacolombiereduchateau.com\/fr\/wp-json\/wp\/v2\/hb_accommodation\/3547\/revisions\/3549"}],"wp:featuredmedia":[{"embeddable":true,"href":"https:\/\/www.lacolombiereduchateau.com\/fr\/wp-json\/wp\/v2\/media\/1422"}],"wp:attachment":[{"href":"https:\/\/www.lacolombiereduchateau.com\/fr\/wp-json\/wp\/v2\/media?parent=3547"}],"curies":[{"name":"wp","href":"https:\/\/api.w.org\/{rel}","templated":true}]}}

Le Gîte « Églantine »

<!-- This site is optimized with the Yoast SEO plugin v27.4 - https://yoast.com/product/yoast-seo-wordpress/ -->
<title>Le Gîte &quot;Églantine&quot; - La Colombière du Château</title>
<meta name="description" content="Cet gîte indépendant pour 5 est mitoyen à nos chambres d&#039;hôtes au coeur de la Provence à quelques minutes du Lac St Croix et des célèbres Gorges du Verdon" />
<meta name="robots" content="index, follow, max-snippet:-1, max-image-preview:large, max-video-preview:-1" />
<link rel="canonical" href="https://www.lacolombiereduchateau.com/fr/hb_accommodation/leglantine/" />
<meta property="og:locale" content="fr_FR" />
<meta property="og:type" content="article" />
<meta property="og:title" content="Le Gîte &quot;Églantine&quot; - La Colombière du Château" />
<meta property="og:description" content="Cet gîte indépendant pour 5 est mitoyen à nos chambres d&#039;hôtes au coeur de la Provence à quelques minutes du Lac St Croix et des célèbres Gorges du Verdon" />
<meta property="og:url" content="https://www.lacolombiereduchateau.com/fr/hb_accommodation/leglantine/" />
<meta property="og:site_name" content="La Colombière du Château" />
<meta property="article:publisher" content="https://www.facebook.com/Lacolombiereduchateau" />
<meta property="article:modified_time" content="2021-03-13T18:27:47+00:00" />
<meta property="og:image" content="https://www.lacolombiereduchateau.com/wp-content/uploads/2020/07/IMG_7098.jpeg" />
	<meta property="og:image:width" content="1600" />
	<meta property="og:image:height" content="900" />
	<meta property="og:image:type" content="image/jpeg" />
<meta name="twitter:card" content="summary_large_image" />
<script type="application/ld+json" class="yoast-schema-graph">{"@context":"https:\/\/schema.org","@graph":[{"@type":"WebPage","@id":"https:\/\/www.lacolombiereduchateau.com\/fr\/hb_accommodation\/leglantine\/","url":"https:\/\/www.lacolombiereduchateau.com\/fr\/hb_accommodation\/leglantine\/","name":"Le Gîte \"Églantine\" - La Colombière du Château","isPartOf":{"@id":"https:\/\/www.lacolombiereduchateau.com\/#website"},"primaryImageOfPage":{"@id":"https:\/\/www.lacolombiereduchateau.com\/fr\/hb_accommodation\/leglantine\/#primaryimage"},"image":{"@id":"https:\/\/www.lacolombiereduchateau.com\/fr\/hb_accommodation\/leglantine\/#primaryimage"},"thumbnailUrl":"https:\/\/www.lacolombiereduchateau.com\/wp-content\/uploads\/2020\/07\/IMG_7098.jpeg","datePublished":"2021-01-31T14:45:16+00:00","dateModified":"2021-03-13T18:27:47+00:00","description":"Cet gîte indépendant pour 5 est mitoyen à nos chambres d'hôtes au coeur de la Provence à quelques minutes du Lac St Croix et des célèbres Gorges du Verdon","breadcrumb":{"@id":"https:\/\/www.lacolombiereduchateau.com\/fr\/hb_accommodation\/leglantine\/#breadcrumb"},"inLanguage":"fr-FR","potentialAction":[{"@type":"ReadAction","target":["https:\/\/www.lacolombiereduchateau.com\/fr\/hb_accommodation\/leglantine\/"]}]},{"@type":"ImageObject","inLanguage":"fr-FR","@id":"https:\/\/www.lacolombiereduchateau.com\/fr\/hb_accommodation\/leglantine\/#primaryimage","url":"https:\/\/www.lacolombiereduchateau.com\/wp-content\/uploads\/2020\/07\/IMG_7098.jpeg","contentUrl":"https:\/\/www.lacolombiereduchateau.com\/wp-content\/uploads\/2020\/07\/IMG_7098.jpeg","width":1600,"height":900,"caption":"Le gîte \"Églantine\""},{"@type":"BreadcrumbList","@id":"https:\/\/www.lacolombiereduchateau.com\/fr\/hb_accommodation\/leglantine\/#breadcrumb","itemListElement":[{"@type":"ListItem","position":1,"name":"Home","item":"https:\/\/www.lacolombiereduchateau.com\/fr\/"},{"@type":"ListItem","position":2,"name":"Accommodation","item":"https:\/\/www.lacolombiereduchateau.com\/hb_accommodation\/"},{"@type":"ListItem","position":3,"name":"Le Gîte &#8220;Églantine&#8221;"}]},{"@type":"WebSite","@id":"https:\/\/www.lacolombiereduchateau.com\/#website","url":"https:\/\/www.lacolombiereduchateau.com\/","name":"lacolombiereduchateau.com","description":"La Colombière du Château","publisher":{"@id":"https:\/\/www.lacolombiereduchateau.com\/#organization"},"potentialAction":[{"@type":"SearchAction","target":{"@type":"EntryPoint","urlTemplate":"https:\/\/www.lacolombiereduchateau.com\/?s={search_term_string}"},"query-input":{"@type":"PropertyValueSpecification","valueRequired":true,"valueName":"search_term_string"}}],"inLanguage":"fr-FR"},{"@type":"Organization","@id":"https:\/\/www.lacolombiereduchateau.com\/#organization","name":"La Colombière du Chateau","url":"https:\/\/www.lacolombiereduchateau.com\/","logo":{"@type":"ImageObject","inLanguage":"fr-FR","@id":"https:\/\/www.lacolombiereduchateau.com\/#\/schema\/logo\/image\/","url":"https:\/\/www.lacolombiereduchateau.com\/wp-content\/uploads\/2021\/01\/Original.png","contentUrl":"https:\/\/www.lacolombiereduchateau.com\/wp-content\/uploads\/2021\/01\/Original.png","width":7500,"height":7500,"caption":"La Colombière du Chateau"},"image":{"@id":"https:\/\/www.lacolombiereduchateau.com\/#\/schema\/logo\/image\/"},"sameAs":["https:\/\/www.facebook.com\/Lacolombiereduchateau","https:\/\/www.instagram.com\/lacolombiereduchateau\/"]}]}</script>
<!-- / Yoast SEO plugin. -->

Le Gîte "Églantine" - La Colombière du Château

Cet gîte indépendant pour 5 est mitoyen à nos chambres d'hôtes au coeur de la Provence à quelques minutes du Lac St Croix et des célèbres Gorges du Verdon

La Colombière du Château

Le gîte "Églantine"

Le Gîte &#8220;Églantine&#8221;

La Colombière du Chateau
